{"id":309,"date":"2022-11-11T17:37:11","date_gmt":"2022-11-11T08:37:11","guid":{"rendered":"https:\/\/new.fore-co.ltd\/news\/?page_id=309"},"modified":"2022-12-17T01:56:02","modified_gmt":"2022-12-16T16:56:02","slug":"news-home","status":"publish","type":"page","link":"https:\/\/www.fore-co.ltd\/news\/","title":{"rendered":"Home"},"content":{"rendered":"\t\t<div data-elementor-type=\"wp-page\" data-elementor-id=\"309\" class=\"elementor elementor-309\">\n\t\t\t\t\t\t\t\t\t<section class=\"elementor-section elementor-top-section elementor-element elementor-element-7c24487 elementor-section-boxed elementor-section-height-default elementor-section-height-default\" data-id=\"7c24487\" data-element_type=\"section\" data-settings=\"{&quot;jet_parallax_layout_list&quot;:[]}\">\n\t\t\t\t\t\t<div class=\"elementor-container elementor-column-gap-default\">\n\t\t\t\t\t<div class=\"elementor-column elementor-col-100 elementor-top-column elementor-element elementor-element-25e0a9f\" data-id=\"25e0a9f\" data-element_type=\"column\">\n\t\t\t<div class=\"elementor-widget-wrap elementor-element-populated\">\n\t\t\t\t\t\t\t\t<div class=\"elementor-element elementor-element-c3933e1 elementor-widget elementor-widget-spacer\" data-id=\"c3933e1\" data-element_type=\"widget\" data-widget_type=\"spacer.default\">\n\t\t\t\t<div class=\"elementor-widget-container\">\n\t\t\t<style>\/*! elementor - v3.17.0 - 01-11-2023 *\/\n.elementor-column .elementor-spacer-inner{height:var(--spacer-size)}.e-con{--container-widget-width:100%}.e-con-inner>.elementor-widget-spacer,.e-con>.elementor-widget-spacer{width:var(--container-widget-width,var(--spacer-size));--align-self:var(--container-widget-align-self,initial);--flex-shrink:0}.e-con-inner>.elementor-widget-spacer>.elementor-widget-container,.e-con>.elementor-widget-spacer>.elementor-widget-container{height:100%;width:100%}.e-con-inner>.elementor-widget-spacer>.elementor-widget-container>.elementor-spacer,.e-con>.elementor-widget-spacer>.elementor-widget-container>.elementor-spacer{height:100%}.e-con-inner>.elementor-widget-spacer>.elementor-widget-container>.elementor-spacer>.elementor-spacer-inner,.e-con>.elementor-widget-spacer>.elementor-widget-container>.elementor-spacer>.elementor-spacer-inner{height:var(--container-widget-height,var(--spacer-size))}.e-con-inner>.elementor-widget-spacer.elementor-widget-empty,.e-con>.elementor-widget-spacer.elementor-widget-empty{position:relative;min-height:22px;min-width:22px}.e-con-inner>.elementor-widget-spacer.elementor-widget-empty .elementor-widget-empty-icon,.e-con>.elementor-widget-spacer.elementor-widget-empty .elementor-widget-empty-icon{position:absolute;top:0;bottom:0;left:0;right:0;margin:auto;padding:0;width:22px;height:22px}<\/style>\t\t<div class=\"elementor-spacer\">\n\t\t\t<div class=\"elementor-spacer-inner\"><\/div>\n\t\t<\/div>\n\t\t\t\t<\/div>\n\t\t\t\t<\/div>\n\t\t\t\t<div class=\"elementor-element elementor-element-4cc44bf elementor-widget elementor-widget-heading\" data-id=\"4cc44bf\" data-element_type=\"widget\" data-widget_type=\"heading.default\">\n\t\t\t\t<div class=\"elementor-widget-container\">\n\t\t\t<style>\/*! elementor - v3.17.0 - 01-11-2023 *\/\n.elementor-heading-title{padding:0;margin:0;line-height:1}.elementor-widget-heading .elementor-heading-title[class*=elementor-size-]>a{color:inherit;font-size:inherit;line-height:inherit}.elementor-widget-heading .elementor-heading-title.elementor-size-small{font-size:15px}.elementor-widget-heading .elementor-heading-title.elementor-size-medium{font-size:19px}.elementor-widget-heading .elementor-heading-title.elementor-size-large{font-size:29px}.elementor-widget-heading .elementor-heading-title.elementor-size-xl{font-size:39px}.elementor-widget-heading .elementor-heading-title.elementor-size-xxl{font-size:59px}<\/style><h2 class=\"elementor-heading-title elementor-size-default\">News<\/h2>\t\t<\/div>\n\t\t\t\t<\/div>\n\t\t\t\t<div class=\"elementor-element elementor-element-c6cbec5 elementor-widget-divider--view-line elementor-widget elementor-widget-divider\" data-id=\"c6cbec5\" data-element_type=\"widget\" data-widget_type=\"divider.default\">\n\t\t\t\t<div class=\"elementor-widget-container\">\n\t\t\t<style>\/*! elementor - v3.17.0 - 01-11-2023 *\/\n.elementor-widget-divider{--divider-border-style:none;--divider-border-width:1px;--divider-color:#0c0d0e;--divider-icon-size:20px;--divider-element-spacing:10px;--divider-pattern-height:24px;--divider-pattern-size:20px;--divider-pattern-url:none;--divider-pattern-repeat:repeat-x}.elementor-widget-divider .elementor-divider{display:flex}.elementor-widget-divider .elementor-divider__text{font-size:15px;line-height:1;max-width:95%}.elementor-widget-divider .elementor-divider__element{margin:0 var(--divider-element-spacing);flex-shrink:0}.elementor-widget-divider .elementor-icon{font-size:var(--divider-icon-size)}.elementor-widget-divider .elementor-divider-separator{display:flex;margin:0;direction:ltr}.elementor-widget-divider--view-line_icon .elementor-divider-separator,.elementor-widget-divider--view-line_text .elementor-divider-separator{align-items:center}.elementor-widget-divider--view-line_icon .elementor-divider-separator:after,.elementor-widget-divider--view-line_icon .elementor-divider-separator:before,.elementor-widget-divider--view-line_text .elementor-divider-separator:after,.elementor-widget-divider--view-line_text .elementor-divider-separator:before{display:block;content:\"\";border-bottom:0;flex-grow:1;border-top:var(--divider-border-width) var(--divider-border-style) var(--divider-color)}.elementor-widget-divider--element-align-left .elementor-divider .elementor-divider-separator>.elementor-divider__svg:first-of-type{flex-grow:0;flex-shrink:100}.elementor-widget-divider--element-align-left .elementor-divider-separator:before{content:none}.elementor-widget-divider--element-align-left .elementor-divider__element{margin-left:0}.elementor-widget-divider--element-align-right .elementor-divider .elementor-divider-separator>.elementor-divider__svg:last-of-type{flex-grow:0;flex-shrink:100}.elementor-widget-divider--element-align-right .elementor-divider-separator:after{content:none}.elementor-widget-divider--element-align-right .elementor-divider__element{margin-right:0}.elementor-widget-divider:not(.elementor-widget-divider--view-line_text):not(.elementor-widget-divider--view-line_icon) .elementor-divider-separator{border-top:var(--divider-border-width) var(--divider-border-style) var(--divider-color)}.elementor-widget-divider--separator-type-pattern{--divider-border-style:none}.elementor-widget-divider--separator-type-pattern.elementor-widget-divider--view-line .elementor-divider-separator,.elementor-widget-divider--separator-type-pattern:not(.elementor-widget-divider--view-line) .elementor-divider-separator:after,.elementor-widget-divider--separator-type-pattern:not(.elementor-widget-divider--view-line) .elementor-divider-separator:before,.elementor-widget-divider--separator-type-pattern:not([class*=elementor-widget-divider--view]) .elementor-divider-separator{width:100%;min-height:var(--divider-pattern-height);-webkit-mask-size:var(--divider-pattern-size) 100%;mask-size:var(--divider-pattern-size) 100%;-webkit-mask-repeat:var(--divider-pattern-repeat);mask-repeat:var(--divider-pattern-repeat);background-color:var(--divider-color);-webkit-mask-image:var(--divider-pattern-url);mask-image:var(--divider-pattern-url)}.elementor-widget-divider--no-spacing{--divider-pattern-size:auto}.elementor-widget-divider--bg-round{--divider-pattern-repeat:round}.rtl .elementor-widget-divider .elementor-divider__text{direction:rtl}.e-con-inner>.elementor-widget-divider,.e-con>.elementor-widget-divider{width:var(--container-widget-width,100%);--flex-grow:var(--container-widget-flex-grow)}<\/style>\t\t<div class=\"elementor-divider\">\n\t\t\t<span class=\"elementor-divider-separator\">\n\t\t\t\t\t\t<\/span>\n\t\t<\/div>\n\t\t\t\t<\/div>\n\t\t\t\t<\/div>\n\t\t\t\t<div class=\"elementor-element elementor-element-ae6aa1f raven-button-align-right elementor-widget elementor-widget-raven-posts\" data-id=\"ae6aa1f\" data-element_type=\"widget\" data-settings=\"{&quot;classic_columns&quot;:&quot;1&quot;,&quot;query_posts_per_page&quot;:5,&quot;classic_show_pagination&quot;:&quot;yes&quot;,&quot;_skin&quot;:&quot;classic&quot;,&quot;classic_layout&quot;:&quot;grid&quot;,&quot;classic_columns_tablet&quot;:&quot;2&quot;,&quot;classic_columns_mobile&quot;:&quot;1&quot;,&quot;classic_pagination_type&quot;:&quot;page_based&quot;,&quot;query_offset&quot;:0}\" data-widget_type=\"raven-posts.classic\">\n\t\t\t\t<div class=\"elementor-widget-container\">\n\t\t\t\t\t<div class=\"raven-posts raven-grid raven-grid-1 raven-grid-mobile-1 raven-grid-tablet-2\" data-post-id=\"309\" data-archive-query=\"\" data-lang=\"\">\n\t\t\t\t<div class=\"raven-grid-item raven-post-item post-857 post type-post status-publish format-standard has-post-thumbnail hentry category-uncategorized-ja\">\n\t\t\t<div class=\"raven-post\">\n\t\t\t\t\t\t\t\t<div class=\"raven-post-content\">\n\t\t\t\t\t\t\t<div class=\"raven-post-meta\"><a class=\"raven-post-meta-item raven-post-date\" href=\"https:\/\/www.fore-co.ltd\/news\/2025\/08\/\" rel=\"bookmark\">August 08 , 2025<\/a><\/div>\n\t\t<h4 class=\"raven-post-title\"><a class=\"raven-post-title-link\" href=\"https:\/\/www.fore-co.ltd\/news\/ja\/%e6%97%a5%e8%b6%8a%e9%80%a3%e6%90%ba%e3%81%ae%e5%9b%bd%e9%9a%9b%e3%82%b5%e3%82%a4%e3%83%90%e3%83%bc%e3%82%a4%e3%83%99%e3%83%b3%e3%83%88%e3%80%8ccybercon-asia-2025%e3%80%8d202%e5%b9%b49%e6%9c%8813\/\">\u65e5\u8d8a\u9023\u643a\u306e\u56fd\u969b\u30b5\u30a4\u30d0\u30fc\u30a4\u30d9\u30f3\u30c8\u300cCYBERCON ASIA 2025\u300d202\u5e749\u670813\u65e5-14\u65e5\u30d9\u30c8\u30ca\u30e0\u30fb\u30c0\u30ca\u30f3\u306eDuy Tan\u5927\u5b66\u3067\u958b\u50ac<\/a><\/h4>\t\t<div class=\"raven-post-read-more\">\n\t\t\t<a class=\"raven-post-button\" href=\"https:\/\/www.fore-co.ltd\/news\/ja\/%e6%97%a5%e8%b6%8a%e9%80%a3%e6%90%ba%e3%81%ae%e5%9b%bd%e9%9a%9b%e3%82%b5%e3%82%a4%e3%83%90%e3%83%bc%e3%82%a4%e3%83%99%e3%83%b3%e3%83%88%e3%80%8ccybercon-asia-2025%e3%80%8d202%e5%b9%b49%e6%9c%8813\/\"><span class=\"raven-post-button-text\">Read More<\/span><\/a>\n\t\t<\/div>\n\t\t\t\t\t\t<\/div>\n\t\t\t<\/div>\n\t\t<\/div>\n\t\t\t\t<div class=\"raven-grid-item raven-post-item post-848 post type-post status-publish format-standard has-post-thumbnail hentry category-uncategorized-ja\">\n\t\t\t<div class=\"raven-post\">\n\t\t\t\t\t\t\t\t<div class=\"raven-post-content\">\n\t\t\t\t\t\t\t<div class=\"raven-post-meta\"><a class=\"raven-post-meta-item raven-post-date\" href=\"https:\/\/www.fore-co.ltd\/news\/2025\/05\/\" rel=\"bookmark\">May 30 , 2025<\/a><\/div>\n\t\t<h4 class=\"raven-post-title\"><a class=\"raven-post-title-link\" href=\"https:\/\/www.fore-co.ltd\/news\/ja\/2025-05-30\/\">\u516c\u5f0fNOTE\u3092\u958b\u8a2d\u3000\u30c7\u30fc\u30bf\u4fe1\u983c\u6027\u3068\u900f\u660e\u6027\u306b\u5411\u3051\u305f\u6280\u8853\u7684\u53d6\u308a\u7d44\u307f\u3092\u767a\u4fe1\u958b\u59cb<\/a><\/h4>\t\t<div class=\"raven-post-read-more\">\n\t\t\t<a class=\"raven-post-button\" href=\"https:\/\/www.fore-co.ltd\/news\/ja\/2025-05-30\/\"><span class=\"raven-post-button-text\">Read More<\/span><\/a>\n\t\t<\/div>\n\t\t\t\t\t\t<\/div>\n\t\t\t<\/div>\n\t\t<\/div>\n\t\t\t\t<div class=\"raven-grid-item raven-post-item post-819 post type-post status-publish format-standard has-post-thumbnail hentry category-news\">\n\t\t\t<div class=\"raven-post\">\n\t\t\t\t\t\t\t\t<div class=\"raven-post-content\">\n\t\t\t\t\t\t\t<div class=\"raven-post-meta\"><a class=\"raven-post-meta-item raven-post-date\" href=\"https:\/\/www.fore-co.ltd\/news\/2023\/09\/\" rel=\"bookmark\">September 04 , 2023<\/a><\/div>\n\t\t<h4 class=\"raven-post-title\"><a class=\"raven-post-title-link\" href=\"https:\/\/www.fore-co.ltd\/news\/20230904en\/\">Fore-co., Ltd and Vietnam&#8217;s Duy Tan University to Conduct Cybersecurity Education and Research<\/a><\/h4>\t\t<div class=\"raven-post-read-more\">\n\t\t\t<a class=\"raven-post-button\" href=\"https:\/\/www.fore-co.ltd\/news\/20230904en\/\"><span class=\"raven-post-button-text\">Read More<\/span><\/a>\n\t\t<\/div>\n\t\t\t\t\t\t<\/div>\n\t\t\t<\/div>\n\t\t<\/div>\n\t\t\t\t<div class=\"raven-grid-item raven-post-item post-807 post type-post status-publish format-standard has-post-thumbnail hentry category-news-ja\">\n\t\t\t<div class=\"raven-post\">\n\t\t\t\t\t\t\t\t<div class=\"raven-post-content\">\n\t\t\t\t\t\t\t<div class=\"raven-post-meta\"><a class=\"raven-post-meta-item raven-post-date\" href=\"https:\/\/www.fore-co.ltd\/news\/2023\/09\/\" rel=\"bookmark\">September 04 , 2023<\/a><\/div>\n\t\t<h4 class=\"raven-post-title\"><a class=\"raven-post-title-link\" href=\"https:\/\/www.fore-co.ltd\/news\/ja\/20230904\/\">\u30d9\u30c8\u30ca\u30e0\u306eDuy Tan\u5927\u5b66\u3068\u30b5\u30a4\u30d0\u30fc\u30bb\u30ad\u30e5\u30ea\u30c6\u30a3\u306e\u6559\u80b2\u3068\u7814\u7a76\u3092\u5b9f\u65bd<\/a><\/h4>\t\t<div class=\"raven-post-read-more\">\n\t\t\t<a class=\"raven-post-button\" href=\"https:\/\/www.fore-co.ltd\/news\/ja\/20230904\/\"><span class=\"raven-post-button-text\">Read More<\/span><\/a>\n\t\t<\/div>\n\t\t\t\t\t\t<\/div>\n\t\t\t<\/div>\n\t\t<\/div>\n\t\t\t\t<div class=\"raven-grid-item raven-post-item post-787 post type-post status-publish format-standard has-post-thumbnail hentry category-news-ja\">\n\t\t\t<div class=\"raven-post\">\n\t\t\t\t\t\t\t\t<div class=\"raven-post-content\">\n\t\t\t\t\t\t\t<div class=\"raven-post-meta\"><a class=\"raven-post-meta-item raven-post-date\" href=\"https:\/\/www.fore-co.ltd\/news\/2023\/01\/\" rel=\"bookmark\">January 18 , 2023<\/a><\/div>\n\t\t<h4 class=\"raven-post-title\"><a class=\"raven-post-title-link\" href=\"https:\/\/www.fore-co.ltd\/news\/ja\/20230118-2\/\">\u8b1b\u6f14\u8ad6\u6587\u300c\u30c4\u30a4\u30fc\u30c8\u30c6\u30ad\u30b9\u30c8\u306e\u5358\u8a9e\u57cb\u3081\u8fbc\u307f\u306b\u57fa\u3065\u304f\u610f\u5473\u8ad6\u7684\u30e6\u30fc\u30b6\u30fc\u30ea\u30b3\u30e1\u30f3\u30c9\u30b7\u30b9\u30c6\u30e0\u306e\u958b\u767a\u300d\u304cSSI\u7814\u7a76\u5968\u52b1\u8cde\u3092\u53d7\u8cde\u3057\u307e\u3057\u305f\u3002<\/a><\/h4>\t\t<div class=\"raven-post-read-more\">\n\t\t\t<a class=\"raven-post-button\" href=\"https:\/\/www.fore-co.ltd\/news\/ja\/20230118-2\/\"><span class=\"raven-post-button-text\">Read More<\/span><\/a>\n\t\t<\/div>\n\t\t\t\t\t\t<\/div>\n\t\t\t<\/div>\n\t\t<\/div>\n\t\t\t\t<\/div>\n\t\t\t\t<div class=\"raven-pagination\" data-settings=\"{&quot;posts_per_page&quot;:5,&quot;total_pages&quot;:5,&quot;pages_visible&quot;:7}\">\n\t\t\t<div class=\"raven-pagination-items\">\n\t\t\t\t<a class=\"raven-pagination-prev raven-pagination-item raven-pagination-disabled\" href=\"#\">&laquo; Prev<\/a><a class=\"raven-pagination-num raven-pagination-item raven-pagination-active\" href=\"#\" data-page-num=\"1\">1<\/a><a class=\"raven-pagination-num raven-pagination-item\" href=\"#\" data-page-num=\"2\">2<\/a><a class=\"raven-pagination-num raven-pagination-item\" href=\"#\" data-page-num=\"3\">3<\/a><a class=\"raven-pagination-num raven-pagination-item\" href=\"#\" data-page-num=\"4\">4<\/a><a class=\"raven-pagination-num raven-pagination-item\" href=\"#\" data-page-num=\"5\">5<\/a><a class=\"raven-pagination-next raven-pagination-item\" href=\"#\">Next &raquo;<\/a>\t\t\t<\/div>\n\t\t<\/div>\n\t\t\t\t<\/div>\n\t\t\t\t<\/div>\n\t\t\t\t<div class=\"elementor-element elementor-element-87a9fec elementor-widget elementor-widget-spacer\" data-id=\"87a9fec\" data-element_type=\"widget\" data-widget_type=\"spacer.default\">\n\t\t\t\t<div class=\"elementor-widget-container\">\n\t\t\t\t\t<div class=\"elementor-spacer\">\n\t\t\t<div class=\"elementor-spacer-inner\"><\/div>\n\t\t<\/div>\n\t\t\t\t<\/div>\n\t\t\t\t<\/div>\n\t\t\t\t\t<\/div>\n\t\t<\/div>\n\t\t\t\t\t\t\t<\/div>\n\t\t<\/section>\n\t\t\t\t\t\t\t<\/div>\n\t\t","protected":false},"excerpt":{"rendered":"<p>News 21 11 \u6708 , 2022 \u300cTwitter\u30b3\u30c8\u30c0\u30de\u30b5\u30fc\u30c1\u300d\u306e\u904b\u55b6\u3092\u958b\u59cb Read More 11 11 \u6708 , 2022 Th\u00f4ng b\u00e1o v\u1ec1 h\u1ee3p \u0111\u1ed3ng t\u00e0i tr\u1ee3 Read More 11 11 \u6708 , 2022 Notice of sponsorship contract. Read More 11 11 \u6708 , 2022 B\u00e0i b\u00e1o ph\u1ecfng v\u1ea5n v\u1ec1 c\u00f4ng ty ch\u00fang t\u00f4i \u0111\u00e3 \u0111\u01b0\u1ee3c \u0111\u0103ng tr\u00ean ASCII.jp Read More [&hellip;]<\/p>\n","protected":false},"author":1,"featured_media":792,"parent":0,"menu_order":0,"comment_status":"closed","ping_status":"closed","template":"elementor_header_footer","meta":[],"acf":[],"aioseo_notices":[],"_links":{"self":[{"href":"https:\/\/www.fore-co.ltd\/news\/wp-json\/wp\/v2\/pages\/309"}],"collection":[{"href":"https:\/\/www.fore-co.ltd\/news\/wp-json\/wp\/v2\/pages"}],"about":[{"href":"https:\/\/www.fore-co.ltd\/news\/wp-json\/wp\/v2\/types\/page"}],"author":[{"embeddable":true,"href":"https:\/\/www.fore-co.ltd\/news\/wp-json\/wp\/v2\/users\/1"}],"replies":[{"embeddable":true,"href":"https:\/\/www.fore-co.ltd\/news\/wp-json\/wp\/v2\/comments?post=309"}],"version-history":[{"count":48,"href":"https:\/\/www.fore-co.ltd\/news\/wp-json\/wp\/v2\/pages\/309\/revisions"}],"predecessor-version":[{"id":748,"href":"https:\/\/www.fore-co.ltd\/news\/wp-json\/wp\/v2\/pages\/309\/revisions\/748"}],"wp:featuredmedia":[{"embeddable":true,"href":"https:\/\/www.fore-co.ltd\/news\/wp-json\/wp\/v2\/media\/792"}],"wp:attachment":[{"href":"https:\/\/www.fore-co.ltd\/news\/wp-json\/wp\/v2\/media?parent=309"}],"curies":[{"name":"wp","href":"https:\/\/api.w.org\/{rel}","templated":true}]}}